1 - (0 + -1) - -1).
1
What is 3 - (2 - (-1 - -4))?
4
What is -13 + -3 + 11 + (-2 - -5)?
-2
(4 - ((4 - 5) + -3)) + -4
4
Calculate 24 + -25 + (-1 - (-2 + 2)).
-2
What is the value of -3 + -6 + 2 + 19 - 5?
7
-1 + (2 - (-3 + 4)) - -8
8
Calculate (-25 - -22) + -1 + 5 - 5.
-4
What is -61 + 61 - (-1 + -1 + 10)?
-8
What is -7 - -2 - (-4 + 0 + 4)?
-5
Calculate 4 - 4 - (4 - 1).
-3
What is the value of -1 + -9 + 5 - -9?
4
(4 - (-2 - -9)) + 3 + 5
5
Evaluate 2 - (2 - -3 - (4 - -2)).
3
Evaluate (-7 + 2 - -8) + 1.
4
What is (1 - -2) + (-6 - 1)?
-4
Calculate (-1 - 0) + 16 + -13 + -6.
-4
What is the value of 0 + (-5 - -7) - (-8 + 3)?
7
Calculate (-2 - -3 - 1) + 2 - 2.
0
What is the value of -9 - ((4 - 4) + -12)?
3
Calculate 3 + (-4 - (-7 + 4)) + -1.
1
Calculate 0 - (1 - -8 - 0).
-9
What is the value of 3 + (-7 - -1 - -4) + -6?
-5
What is the value of 5 - (-5 - -13) - -1?
-2
What is -7 - (0 + -10 + 6 + 0)?
-3
Evaluate 5 + -1 + 3 + (3 - 12).
-2
What is -7 - (21 + -12 - 23)?
7
What is the value of -4 - (-5 - (0 - -4))?
5
What is -3 - ((0 - (-4 - -7)) + -1)?
1
What is the value of 0 + 14 + -12 + (-3 - -1)?
0
-11 - -9 - 3 - -12
7
(6 - 3) + (-1 - 5)
-3
What is -2 + (0 + 2 - (17 - 10))?
-7
Calculate -6 + 11 + -4 + 4 + -3.
2
What is (0 - 0) + (-11 - -5 - -1)?
-5
What is 7 - (12 + (-16 - -11))?
0
Evaluate 2 - (4 - ((1 - 0) + -2)).
-3
Evaluate (1 + -5 - (-2 - 1)) + 1.
0
What is the value of 16 - 10 - (14 - (3 - 2))?
-7
Calculate 2 + -2 - 3 - (-6 + 2).
1
Evaluate -12 + (14 + -3 - 0).
-1
What is the value of 0 + 8 - (-1 + (4 - -10))?
-5
What is -7 + -2 - (-19 - -11)?
-1
(4 - -4 - 0) + -2 + -16
-10
Calculate 12 - (-7 - -19 - -5).
-5
10 - (11 - (-7 - -19))
11
Evaluate -1 - 6 - ((-2 - 3) + 3).
-5
2 + 3 + 1 + 0 - -1
7
Calculate (5 - (0 + 15)) + 6.
-4
What is 7 + -3 + -1 + (0 - 6)?
-3
Evaluate 1 - 1 - (-2 - 0 - -5).
-3
What is 4 + (4 - 12) - (-5 - 1)?
2
What is the value of -7 + (-4 - (3 + -13)) + -4?
-5
Evaluate 6 - 6 - -7 - (4 - -1).
2
Calculate -6 + (7 - 4) - (1 - 1).
-3
Calculate 4 + -8 + (5 - 1).
0
What is 10 + -9 - 5 - -8?
4
What is the value of 4 + 1 + (-7 - -17 - 11)?
4
Calculate -58 - -61 - (2 - 1).
2
Calculate 1 + -6 - (-3 + 2 + -3).
-1
What is 12 - -1 - (-29 + 35) - -2?
9
What is the value of 8 - (8 + (4 - 7))?
3
What is the value of -3 + (2 - 0 - -1) + -5?
-5
What is (0 - -1) + (-11 - -13)?
3
What is the value of (0 + -2 - 9) + 6?
-5
What is -31 - -32 - (3 - -6 - 3)?
-5
What is (-6 - -10) + -7 + 1?
-2
What is (-3 - 2) + -4 + 2 + 10?
3
Evaluate 0 + 3 + -8 - (-2 + 0).
-3
Calculate 11 + 0 - (3 + -14 + 18).
4
-9 + 9 - (3 + 0) - -2
-1
1 - -3 - (10 - -3)
-9
What is the value of (-3 - (-12 - -9)) + 0?
0
Evaluate (4 + -2 - (5 - 1)) + -4.
-6
Calculate 4 - 0 - (75 + -66).
-5
Evaluate 1 + (4 - 3) + 1 + -5.
-2
What is 4 - (-8 + 4 + 0 + 13)?
-5
60 + -54 - (1 - -4)
1
Evaluate -10 + (4 - -2 - 0).
-4
What is 2 + -2 + 5 - 1?
4
Calculate 3 + 4 + -7 - -4.
4
What is the value of 4 + -3 + 5 + -3?
3
Evaluate -7 + (-1 - 11) + 8.
-11
Calculate -3 + 1 - ((2 - 1) + 2).
-5
Calculate 6 + (-4 + 5 - -1 - -2).
10
What is (3 - (2 + 3)) + 2?
0
Calculate 2 + (0 - 4) + 0.
-2
Calculate -1 + 8 + -10 + 2.
-1
Evaluate -13 + 8 + (-1 - -3) + 2.
-1
Calculate -8 + 7 + -3 - (12 + -7).
-9
What is the value of 2 + -4 + 1 + 0 + 2?
1
Evaluate (4 - 5) + (1 - 0).
0
-2 + (-1 - (1 - 4))
0
What is -86 + 77 + (-2 - -15)?
4
Calculate 2 + 0 + (22 - 21).
3
Calculate 1 + 0 + (-1 - (0 - 3)).
3
What is (0 - (-10 - -11)) + -1 + -2?
-4
Calculate -16 + -1 + -253 + 268.
-2
Calculate (-2 - -1) + (-2 - (1 - -5)).
-9
What is 15 - 8 - (-1 + 7 - 3)?
4
Evaluate 1 - (-10 + 13 - -8).
-10
Evaluate 10 + (-6 - (-4 - 0)) + 1.
9
2 + -2 + 1 + -9 + 9
1
What is the value of -4 + (5 - (-9 + 16))?
-6
What is (-5 - (-4 + 3)) + 0?
-4
What is -11 + 0 + 3 - -14?
6
(0 + 1 - (-37 - -47)) + 6
-3
-43 + 42 - (4 - 0)
-5
-3 + 2 - -1 - (-3 + 4)
-1
What is 3 + (4 - 4) - (2 + -4)?
5
Calculate 3 - (7 - 4 - -13 - 4).
-9
What is -14 + -6 + 1 + (24 - 11)?
-6
-21 - (-13 + (1 - 2))
-7
(-39 - -35) + (-4 - -2)
-6
Evaluate 5 + 1 + (2 - 13) - -3.
-2
What is the value of 3 + -3 - (0 + 0)?
0
What is -3 + 2 + -4 + 0?
-5
What is the value of -1 + (-6 - (-7 - (2 - 5)))?
-3
(1 - 0) + 41 + -48
-6
What is (-6 - (7 + -9)) + 6 - 1?
1
What is the value of 0 - -4 - (-13 - -16)?
1
What is the value of 7 + 9 + (-11 - 3)?
2
What is 1 + 1 + 7 + (-13 - -5)?
1
What is -1 + (-2 - (-6 - -3 - -3))?
-3
What is 1 - (0 - ((-2 - -4) + -3))?
0
9 + (-4 - (6 + -6) - -3)
8
What is (13 + -8 - 6) + -4?
-5
What is the value of -11 + 1 - -9 - (0 - 1)?
0
What is the value of 1 + -3 + 6 - 5?
-1
What is the value of (0 - 2) + -4 + (-1 - -12)?
5
What is 2 - (10 - (3 + 8))?
3
6 + -3 + -5 + 1 + -2
-3
-2 - (-5 - -6 - (6 + -1))
2
What is 8 + (3 - (11 + -3))?
3
Calculate (7 - 13) + (4 - (1 - -3)).
-6
0 + -3 + (3 - 0)
0
What is the value of 13 - (0 - -10 - -1)?
2
1 + 3 + 0 + -11
-7
4 + -1 - (-2 - -4) - -3
4
What is (1 - (1 - 6)) + (-7 - -4)?
3
Calculate -4 - (0 + -6 - (7 + -6)).
3
Calculate 4 + 1 + (-3 - 4).
-2
What is the value of -12 - (7 + -17 + -4)?
2
Calculate -4 - -3 - (-1 - (1 + -5)).
-4
Calculate 7 + -2 + 6 - 6.
5
4 - (3 + 0) - 4
-3
What is the value of (-11 - 2) + -20 + 23?
-10
1 + -6 - (0 + 0 - 1)
-4
What is the value of 3 + 0 + -7 + 1?
-3
(6 - 11) + 3 + 3
1
Evaluate (-1 - 0) + 1 + -4 + -1.
-5
What is the value of -2 + (1 - 2) + 8 + 1?
6
What is the value of 11 - -2 - 11 - 0?
2
What is (1 + 1 - 1) + -2 + 1?
0
(-1 - -2) + 1 - (1 + -2)
3
5 + -4 + (-4 - -3 - -1)
1
(0 - (5 - 0)) + (7 - 4)
-2
Evaluate (-5 - -5) + (0 - 0).
0
(0 + -1 - -1) + -29 + 24
-5
Evaluate -7 + 2 + (-17 - -22).
0
What is the value of 5 + -3 - 4 - 2?
-4
What is the value of 10 + (6 - 11) + (-2 - -5)?
8
Calculate 1 - ((1 - 2) + -2).
4
What is the value of (-2 - 8 - (11 - 12)) + 5?
-4
Evaluate (0 - -4) + -5 + 3.
2
Evaluate 3 + -4 + -10 + 15 - 5.
-1
What is the value of -4 + 4 + (-2 - 5 - -3)?
-4
What is the value of (6 - (-7 + 6) - 2) + -4?
1
What is the value of -3 - (6 - 2 - (-3 + 12))?
2
What is -6 + (8 - 5) + 2?
-1
-23 - -24 - (1 + 0)
0
What is the value of 7 + (-4 - 3 - -4)?
4
What is the value of -1 - (-6 + 2 + 1)?
2
Calculate 54 + -53 + 6 + (-3 - -1).
5
Evaluate -3 - 0 - (-6 - (-1 + -3)).
-1
Evaluate 3 - (11 + (-8 - 0) + 4).
-4
(0 - 3) + (-3 - (-2 + -1))
-3
-37 + 33 + (2 - -9) - 8
-1
Evaluate (6 - (0 - -3)) + -2.
1
Evaluate -14 - (-3 + 8 - 11) - 0.
-8
Evaluate 2 + -3 - (-3 + -1 + -1).
4
-2 + 0 + -1 + (-6 - -4)
-5
(2 - 1 - 3) + (-1 - -3)
0
Evaluate -12 + -2 + 5 + -1 + 5.
-5
8 + -7 + (1 - 0)
2
What is the value of (6 - 3) + -5 - 1?
-3
What is the value of 8 + -6 + (3 - 4) - 3?
-2
What is (7 - (-2 - -7)) + 7 - 5?
4
What is the value of -16 + 11 + 9 + 1?
5
What is the value of -5 + 6 + -4 + 4?
1
Calculate 1 + (5 - (7 + 2)).
-3
What is the value of (-2 - -2) + 2 + -2 + 2?
2
What is 10 - -1 - (127 + -122)?
6
-3 + 0 - -6 - 7
-4
What is the value of (-4 - (-4 - 1)) + 1 - 3?
-1
-4 + (-3 - ((0 - -2) + -4))
-5
4 + -1 + -22 + 26 + -3
4
What is the value of 2 + (16 - 9) + -10?
-1
What is the value of 0 - (1 - 1) - (59 - 67)?
8
What is 3 + (4 - (9 + (-4 - 2)))?
4
What is the value of (8 - -1) + (24 - 26)?
7
Evaluate (63 - 53) + -2 + 2 + -5.
5
What is 4 - 3 - 6 - -4?
-1
Evaluate 19 + -6 - 10 - (2 - -1).
0
6 - (9 + (-4 - 7))
8
Calculate 1 + (-11 - -1) + 48 + -29.
10
-1 + (-2 - (-6 + 3 + 1))
-1
Evaluate (4 - 0) + -3 + 1.
2
Calculate (-1 - 3) + (6 - (-2 - -3)).
1
What is the value of 0 + (10 - 5) - 8?
-3
What is (-6 - 4) + (20 - 6)?
4
Calculate 1 + 4 - (-10 - -6 - -7).
2
-7 + 13 + -2 - 12 - -2
-6
What is the value of -12 + (4 - -2) + 1?
-5
Calculate -5 + 8 + -6 + 0 - -2.
-1
Evaluate 2 - (6 + 2 + -4).
-2
What is the value of -12 - ((-3 - 4) + 0)?
-5
What is 2 + 3 + -6 + 3?
2
-12 - -13 - (-2 + 2 - -6)
-5
9 - (-7 + (3 - -6))
7
Calculate -1 + -2 + 8 - 2.
3
Evaluate -1 + 2 + -9 + (7 - 4).
-5
What is -4 + 13 + -22 - -2?
-11
What is the value of 1 + 2 + -6 + -3 + 0?
-6
Calculate (-15 - (7 + -15)) + 4.
-3
What is the value of (0 + -2 - -5) + -3 + 4?
4
Evaluate -1 - 1 - (-1 + -6) - 0.
5
What is -7 - -21 - (18 - 3)?
-1
Evaluate (-5 - -7) + -4 + -8 - -5.
-5
Evaluate 1 + 5 + -6 - -1.
1
What is the value of -4 - (-1 - (0 + 2 + -3))?
-4
Evaluate 6 + (3 - 0) + -4.
5
What is -3 - (-11 + (-3 - -5))?
6
What is -10 - (7 - 23 - -3)?
3
Evaluate -8 - (-2 + 4 + -8 + 